l) = -l**3 + 27*l**2 - 52*l + 45. Calculate h(25).
-5
Let y(v) = v + 11. Determine y(-10).
1
Let b(v) = -v**3 - 5*v**2 - 6*v - 11. Give b(-4).
-3
Let h(x) = x**3 + 23*x**2 + 49*x + 153. What is h(-21)?
6
Let o(z) = 7*z**2 - 3*z - 11. Determine o(4).
89
Let m(z) = -87*z**2 - 2*z. Give m(-1).
-85
Let m(n) = n**2 + 5*n + 6. What is m(-2)?
0
Let i(r) = -r**3 + 7*r**2 - 5*r + 8. What is i(6)?
14
Let l(n) = n**3 - 4*n**2 + 7*n - 6. Calculate l(4).
22
Let t(q) = -q**2 + 20*q - 75. Calculate t(9).
24
Let o(u) = 3*u + 2. Give o(-8).
-22
Let l(z) = 11*z + 68. Calculate l(-6).
2
Let n(x) = 2*x**2 + 12*x - 19. Give n(-10).
61
Let f(i) = 15*i + 2. What is f(5)?
77
Let i(u) = -u**3 - 10*u**2 - 26*u + 1. Give i(-4).
9
Let i(y) = 4*y + 31. Give i(-7).
3
Let d(j) = -2*j**2 - 15*j + 8. What is d(-7)?
15
Let d(c) = -4*c - 7. Give d(-6).
17
Let n(t) = -6*t + 109. Determine n(19).
-5
Let r(a) = -3*a**2 + 14*a - 4. Calculate r(4).
4
Let r(f) = -2*f**2 + 4*f + 2. Determine r(3).
-4
Let n(d) = -d - 37. Calculate n(-36).
-1
Let o(v) = -12*v + 205. What is o(17)?
1
Let u(g) = 8*g - 390. Calculate u(48).
-6
Let p(v) = v**3 + v**2 + 4*v + 4. Give p(-4).
-60
Let f(o) = -o**3 - 6*o**2 - 2*o + 6. Give f(-2).
-6
Let p(c) = c**2 + 7*c - 28. What is p(-10)?
2
Let k(f) = f**3 + 28*f**2 - 60*f + 20. Determine k(-30).
20
Let l(u) = -33*u + 125. Give l(3).
26
Let c(q) = 3*q - 17. Calculate c(13).
22
Let s(u) = -2*u - 71. Give s(12).
-95
Let j(m) = m**2 + 12*m - 8. What is j(-11)?
-19
Let g(y) = -7*y**3 + 2*y - 1. Calculate g(1).
-6
Let z(g) = -g + 14. What is z(12)?
2
Let h(z) = 2*z + 4. What is h(4)?
12
Let v(k) = k**3 + 8*k**2 + 7*k. Give v(-6).
30
Let j(u) = 21*u + 1. Give j(1).
22
Let r(d) = -4*d - 33. What is r(-10)?
7
Let p(z) = 2*z**2 + 56*z + 57. What is p(-27)?
3
Let s(q) = -15*q - 2. Calculate s(-1).
13
Let a(v) = -38*v - 80. What is a(-2)?
-4
Let f(b) = b**3 - 48*b**2 - 50*b + 66. What is f(49)?
17
Let l(p) = 2*p**3 - 2*p**2 + p. What is l(1)?
1
Let a(b) = -b**3 + 5*b**2 - 3*b - 3. Determine a(1).
-2
Let p(l) = -7*l**2 - 2*l - 4. Determine p(-3).
-61
Let m(n) = n**3 - 20*n**2 + 34*n + 53. Calculate m(18).
17
Let t(g) = -g**3 + 3*g**2 + 7*g - 10. What is t(5)?
-25
Let a(c) = -c**2 - 2*c + 4. Give a(3).
-11
Let h(g) = -5*g - 27. Give h(-8).
13
Let d(f) = -f**2 - 11. What is d(-5)?
-36
Let m(d) = -d**3 + 6*d**2 + 1. Determine m(7).
-48
Let h(n) = -202*n**2 + 7*n - 6. What is h(1)?
-201
Let s(f) = f + 33. Give s(20).
53
Let g(y) = -y**3 - 3*y**2 + 6*y - 9. Give g(-4).
-17
Let l(a) = -2*a**3 - 10*a**2 - 8*a + 2. What is l(-4)?
2
Let a(m) = m**3 - m**2 - 12. Determine a(0).
-12
Let v(m) = -m**2 + 10*m - 9. What is v(9)?
0
Let c(m) = -m**3 + 15*m**2 + 7*m + 11. Determine c(15).
116
Let h(g) = -g**3 - 9*g**2 - 9*g + 33. Give h(-7).
-2
Let v(r) = r**3 - 11*r**2 - 17*r + 54. Calculate v(12).
-6
Let n(b) = -b**2 + 2*b + 9. Give n(8).
-39
Let o(s) = -s**2 - 5*s. Calculate o(-9).
-36
Let x(y) = -y**2 - 7*y + 13. What is x(-5)?
23
Let u(b) = -2*b**2 + 6*b - 6. Give u(3).
-6
Let j(c) = c**2 + 51*c + 310. Determine j(-7).
2
Let a(v) = -v**3 + 2*v**2 + 5*v + 2. Determine a(4).
-10
Let r(h) = h**2 + 2*h - 3. What is r(-5)?
12
Let f(h) = -h**2 - 6*h - 2. Calculate f(-8).
-18
Let s(o) = 7*o**2 - 5*o - 22. Determine s(-3).
56
Let q(h) = -h**2 + 34*h - 96. What is q(3)?
-3
Let v(x) = -4*x. What is v(7)?
-28
Let y(n) = -n**2 - 8*n - 14. Give y(-7).
-7
Let b(w) = -16*w - 4. Calculate b(-2).
28
Let l(b) = b**3 + 7*b**2 + 10*b - 9. Calculate l(-3).
-3
Let k(h) = -h**3 - h**2 + 3*h + 1. Determine k(-2).
-1
Let j(f) = 6*f - 20. What is j(-5)?
-50
Let l(g) = 2*g**2 - 15*g + 8. Determine l(7).
1
Let i(q) = -q**3 + 5*q**2 + 10*q - 3. What is i(7)?
-31
Let o(g) = 20*g + 31. Give o(-2).
-9
Let x(y) = y**3 - 25*y**2 + 114*y + 15. Calculate x(19).
15
Let t(w) = -8*w**2 - 2*w - 5. Calculate t(-4).
-125
Let t(z) = -11*z + 110. Determine t(10).
0
Let h(n) = n**3 - n**2 - 18*n - 17. Calculate h(0).
-17
Let n(c) = c**3 - 2*c**2 - 3*c + 7. Give n(3).
7
Let q(b) = -2*b**3 + 17*b**2 - 5*b - 19. What is q(8)?
5
Let m(t) = t**3 + 14*t**2 - 6*t - 81. Calculate m(-14).
3
Let p(k) = -12*k**3 + k**2 - k - 1. Calculate p(-1).
13
Let z(r) = 2*r + 17. Give z(-7).
3
Let l(g) = 3*g - 25. Give l(14).
17
Let k(i) = 3*i - 13. Determine k(14).
29
Let k(j) = -2*j + 17. Determine k(5).
7
Let u(q) = q**3 - 8*q**2 + 2*q + 10. Calculate u(7).
-25
Let s(t) = -30*t + 204. What is s(7)?
-6
Let f(h) = -3*h + 2. What is f(-3)?
11
Let q(u) = -u**2 + 25*u + 21. Determine q(26).
-5
Let j(f) = f**3 - 48*f**2 + 540*f + 3. Determine j(30).
3
Let o(d) = 2*d**2 - 11*d + 10. What is o(5)?
5
Let z(d) = -12*d + 1. Determine z(5).
-59
Let f(m) = m**3 - 2*m**2 - 8*m + 12. Give f(4).
12
Let z(j) = -4*j**2 - 5*j + 6. Determine z(-3).
-15
Let u(q) = 2*q**2 + 66*q + 83. Calculate u(-32).
19
Let c(m) = 2*m**2 - 3. Give c(3).
15
Let u(i) = 2*i + 9. Determine u(-2).
5
Let i(h) = -19*h - 87. What is i(-4)?
-11
Let o(w) = w**3 + w**2 + 3*w - 1. Give o(2).
17
Let x(n) = -2*n**3 + n**2 + 6*n. Give x(3).
-27
Let i(v) = v**2 - 4*v - 6. Calculate i(6).
6
Let t(c) = -3*c**2 - c - 1. What is t(-4)?
-45
Let c(n) = -n**3 - 18*n**2 - 30*n + 31. Give c(-16).
-1
Let q(u) = -3*u - 13. Calculate q(-11).
20
Let i(l) = -l**3 - 11*l**2 - 19*l - 15. What is i(-9)?
-6
Let n(g) = -3*g**2 - 11*g + 1. Calculate n(-4).
-3
Let s(y) = y**2 + 12*y + 19. Determine s(-9).
-8
Let b(d) = -50*d + 1151. Calculate b(23).
1
Let g(l) = l**3 - 11*l**2 - 3*l + 13. Determine g(11).
-20
Let q(w) = -w**3 - 7*w**2 + 3*w - 4. Determine q(-4).
-64
Let m(n) = 3*n - 9. What is m(12)?
27
Let l(p) = p**2 - p - 7. Determine l(-6).
35
Let u(a) = -5*a**2 - 3*a + 6. Give u(2).
-20
Let b(j) = 5*j - 31. Determine b(5).
-6
Let q(o) = o**2 + 5*o - 1. Calculate q(-8).
23
Let g(z) = -z**3 + 7*z**2 + 7*z - 18. Calculate g(8).
-26
Let p(m) = -m + 11. Give p(4).
7
Let o(n) = 123*n + 3. Determine o(1).
126
Let l(n) = 8*n + 80. Calculate l(-10).
0
Let h(o) = -2*o**3 + 5*o**2 - 4*o - 1. Determine h(3).
-22
Let z(o) = -17*o + 59. What is z(5)?
-26
Let z(h) = -21*h - 1. What is z(-1)?
20
Let q(x) = -4*x**2 + 4*x - 3. What is q(2)?
-11
Let r(z) = z**3 + 7*z**2 - 2*z - 4. Give r(-7).
10
Let l(g) = -g**3 - 9*g**2 - 7*g + 6. What is l(-8)?
-2
Let a(l) = 7*l**3 - l**2 - 3*l - 2. What is a(-1)?
-7
Let s(g) = 9*g**2 - 18*g - 6. Give s(3).
21
Let h(t) = 7*t + 242. Give h(-29).
39
Let j(y) = y**3 - 24*y**2 + 20*y + 80. What is j(23)?
11
Let d(x) = -10*x - 1. What is d(1)?
-11
Let w(f) = f**2 - 5*f + 1. Give w(7).
15
Let s(p) = -p**3 - 43*p**2 + 89*p - 34. Give s(-45).
11
Let f(q) = q**2 + 5*q - 10. What is f(-7)?
4
Let s(p) = -20*p. Calculate s(1).
-20
Let x(y) = 2*y - 19. What is x(9)?
-1
Let h(v) = -3*v**2 - 30*v + 3. What is h(-10)?
3
Let o(b) = -4*b - 23. Give o(-5).
-3
Let l(i) = i**2 - 6*i - 18. What is l(8)?
-2
Let u(m) = -5*m + 75. What is u(12)?
15
Let q(h) = -h - 5. Determine q(-6).
1
Let t(k) = k**2 - 5*k + 5. Determine t(-5).
55
Let z(d) = 35*d**2 + 3*d - 3. Give z(1).
35
Let d(a) = -a**2 + 20*a - 48. Calculate d(17).
3
Let h(i) = 3*i**2 - 11*i + 3. Calculate h(2).
-7
Let i(u) = 25*u - 156. Determine i(6).
-6
Let l(i) = 2*i + 14. Determine l(-14).
-14
Let l(f) = f**3 + 8*f**2 - 12*f - 27. What is l(-9)?
0
Let w(j) = -j + 6. What is w(-11)?
17
Let m(y) = y**2 + 65*y + 1009. What is m(-39)?
-5
Let n(l) = -l**2 - 4*l - 31. What is n(0)?
-31
Let s(y) = 5*y + 21. Calculate s(9).
66
Let f(v) = -v**3 + 8*v**2 + 41*v - 286. Determine f(9).
2
Let c(t) = -t**2 - 12*t + 1. What is c(-9)?
28
Let f(h) = -h**2 + 2*h + 40. Give f(8).
-8
Let u(j) = j - 34. Determine u(-6).
-40
Let j(r) = r**3 + 4*r**2 + r - 6. Determine j(-2).
0
Let c(z) = z**2 + 32*z + 172. What is c(-23)?
-35
Let q(h) = -5*h**3 - 30*h**2 - 20*h + 11. Calculate q(-5).
-14
Let c(a) = -4*a**2 - 2. What is c(-2)?
-18
Let z(j) = -4*j**2 - 19*j - 6. What is z(-6)?
-36
Let i(s) = 3*s**2 + 3*s. Give i(-2).
6
Let p(c) = c**3 - 4*c**2 + c - 14. Give p(4).
-10
Let g(m) = -m**3 + m**2 - 5*m + 4. Determine g(0).
4
Let r(c) = 3*c - 6. What is r(9)?
21
Let d(q) = 3*q + 2. Calculate d(5).
17
Let b(f) = -6*f + 1. What is b(-1)?
7
Let u(l) = l**2 + 9*l - 9. What is u(-10)?
1
Let w(n) = 3*n - 12. Give w(5).
3
Let b(m) = -m**2 + 10*m - 8. Give b(9).
1
Let k(l) = -l**3 - 3*l**2 - 2